{"id":2,"date":"2017-08-28T08:20:19","date_gmt":"2017-08-28T08:20:19","guid":{"rendered":"http:\/\/localhost\/wp\/wp481\/?page_id=2"},"modified":"2025-09-29T08:13:54","modified_gmt":"2025-09-29T08:13:54","slug":"sample-page","status":"publish","type":"page","link":"https:\/\/rezervace.sokolbilahora.cz\/","title":{"rendered":"Online rezervace"},"content":{"rendered":"<!--\nPlugin Name: Bookly \u2013 Responsive WordPress Appointment Booking and Scheduling Plugin\nPlugin URI: https:\/\/www.booking-wp-plugin.com\/?utm_source=bookly_admin&utm_medium=plugins_page&utm_campaign=plugins_page\nVersion: 21.3.2-->\n    <style type=\"text\/css\">\n        \/* Color *\/\n        .bookly-form .bookly-form-group > label,\n        .bookly-form .bookly-label-error,\n        .bookly-form .bookly-progress-tracker > .active,\n        .bookly-form .picker__nav--next,\n        .bookly-form .pickadate__nav--prev,\n        .bookly-form .picker__day:hover,\n        .bookly-form .picker__day--selected:hover,\n        .bookly-form .picker--opened .picker__day--selected,\n        .bookly-form .picker__button--clear,\n        .bookly-form .picker__button--today,\n        .bookly-form .bookly-columnizer .bookly-hour span.bookly-waiting-list {\n            color: #3f9740 !important;\n        }\n\n        \/* Background *\/\n        .bookly-form .bookly-progress-tracker > .active .step,\n        .bookly-form .picker__frame,\n        .bookly-form .bookly-service-step .bookly-week-days label,\n        .bookly-form .bookly-repeat-step .bookly-week-days label,\n        .bookly-form .bookly-columnizer .bookly-hour:active .bookly-hour-icon span,\n        .bookly-form .bookly-btn,\n        .bookly-form .bookly-btn:active,\n        .bookly-form .bookly-btn:focus,\n        .bookly-form .bookly-btn:hover,\n        .bookly-form .bookly-btn-submit,\n        .bookly-form .bookly-round,\n        .bookly-form .bookly-square,\n        .bookly-form .bookly-pagination > li.active {\n            background-color: #3f9740 !important;\n        }\n\n        .bookly-form .bookly-triangle {\n            border-bottom-color: #3f9740 !important;\n        }\n\n        \/* Border *\/\n        .bookly-form input[type=\"text\"].bookly-error,\n        .bookly-form input[type=\"password\"].bookly-error,\n        .bookly-form select.bookly-error,\n        .bookly-form textarea.bookly-error,\n        .bookly-form .bookly-week-days.bookly-error,\n        .bookly-extra-step div.bookly-extras-thumb.bookly-extras-selected {\n            border: 2px solid #3f9740 !important;\n        }\n\n        \/* Other *\/\n        .bookly-form .picker__header {\n            border-bottom: 1px solid #3f9740 !important;\n        }\n\n        .bookly-form .picker__nav--next:before {\n            border-left: 6px solid #3f9740 !important;\n        }\n\n        .bookly-form .picker__nav--prev:before {\n            border-right: 6px solid #3f9740 !important;\n        }\n\n        .bookly-form .bookly-service-step .bookly-week-days label.active, .bookly-form .bookly-repeat-step .bookly-week-days label.active {\n            background: #3f9740 url(https:\/\/rezervace.sokolbilahora.cz\/wp-content\/plugins\/bookly-responsive-appointment-booking-tool\/frontend\/resources\/images\/checkbox.png) 0 0 no-repeat !important;\n        }\n\n        .bookly-form .bookly-columnizer .bookly-day, .bookly-form .bookly-schedule-date {\n            background: #3f9740 !important;\n            border: 1px solid #3f9740 !important;\n        }\n\n        .bookly-form .bookly-pagination > li.active a {\n            border: 1px solid #3f9740 !important;\n        }\n\n        .bookly-form .bookly-columnizer .bookly-hour:active {\n            border: 2px solid #3f9740 !important;\n            color: #3f9740 !important;\n        }\n\n        .bookly-form .bookly-columnizer .bookly-hour:active .bookly-hour-icon {\n            background: none;\n            border: 2px solid #3f9740 !important;\n            color: #3f9740 !important;\n            width: auto;\n            height: auto;\n            padding: 3px;\n            border-radius: 25px;\n            margin-right: 3px;\n        }\n\n        .bookly-form .bookly-columnizer .bookly-hour:active .bookly-hour-icon span {\n            background-color: #3f9740 !important;\n            width: 8px;\n            height: 8px;\n            border-radius: 10px;\n            display: block;\n        }\n\n        @media (hover) {\n            .bookly-form .bookly-columnizer .bookly-hour:hover {\n                border: 2px solid #3f9740 !important;\n                color: #3f9740 !important;\n            }\n\n            .bookly-form .bookly-columnizer .bookly-hour:hover .bookly-hour-icon {\n                background: none;\n                border: 2px solid #3f9740 !important;\n                color: #3f9740 !important;\n            }\n\n            .bookly-form .bookly-columnizer .bookly-hour:hover .bookly-hour-icon span {\n                background-color: #3f9740 !important;\n            }\n        }\n    <\/style>\n\n<div id=\"bookly-form-69daaf4c36120\" class=\"bookly-form\" data-form_id=\"69daaf4c36120\">\n    <div style=\"text-align: center\"><img src=\"https:\/\/rezervace.sokolbilahora.cz\/wp-includes\/js\/tinymce\/skins\/lightgray\/img\/loader.gif\" alt=\"Na\u010d\u00edt\u00e1m...\"\/><\/div>\n<\/div>\n    <div class=\"powered-by-bookly\">Powered by        <a href=\"https:\/\/www.booking-wp-plugin.com\/?utm_source=referral&utm_medium=booking_widget\" target=\"_blank\">Bookly<\/a> \u2014\n        <a href=\"https:\/\/www.booking-wp-plugin.com\/?utm_source=referral&utm_medium=booking_widget\" target=\"_blank\">WordPress Booking Plugin<\/a>\n    <\/div>\n<script type=\"text\/javascript\">\n    (function (win, fn) {\n        var done = false, top = true,\n            doc = win.document,\n            root = doc.documentElement,\n            modern = doc.addEventListener,\n            add = modern ? 'addEventListener' : 'attachEvent',\n            rem = modern ? 'removeEventListener' : 'detachEvent',\n            pre = modern ? '' : 'on',\n            init = function(e) {\n                if (e.type == 'readystatechange') if (doc.readyState != 'complete') return;\n                (e.type == 'load' ? win : doc)[rem](pre + e.type, init, false);\n                if (!done) { done = true; fn.call(win, e.type || e); }\n            },\n            poll = function() {\n                try { root.doScroll('left'); } catch(e) { setTimeout(poll, 50); return; }\n                init('poll');\n            };\n        if (doc.readyState == 'complete') fn.call(win, 'lazy');\n        else {\n            if (!modern) if (root.doScroll) {\n                try { top = !win.frameElement; } catch(e) { }\n                if (top) poll();\n            }\n            doc[add](pre + 'DOMContentLoaded', init, false);\n            doc[add](pre + 'readystatechange', init, false);\n            win[add](pre + 'load', init, false);\n        }\n    })(window, function() {\n        window.bookly( {\"form_id\":\"69daaf4c36120\",\"status\":{\"booking\":\"new\"},\"skip_steps\":{\"service_part1\":1,\"service_part2\":0,\"extras\":1,\"time\":0,\"repeat\":0,\"cart\":0},\"errors\":{\"session_error\":\"Chyba relace.\",\"form_id_error\":\"Chyba v ID formul\\u00e1\\u0159e\",\"cart_item_not_available\":\"Zv\\u00fdrazn\\u011bn\\u00e9 term\\u00edny ji\\u017e nejsou k dispozici. Pros\\u00edm vyberte si jin\\u00fd \\u010das.\",\"pay_locally_not_available\":\"Platba na m\\u00edst\\u011b nen\\u00ed k dispozici\",\"invalid_gateway\":\"Neplatn\\u00e1 br\\u00e1na\",\"payment_error\":\"Chyba.\",\"incorrect_username_password\":\"Nespr\\u00e1vn\\u00e9 u\\u017eivatelsk\\u00e9 jm\\u00e9no nebo heslo.\"},\"form_attributes\":{\"hide_categories\":true,\"hide_services\":true,\"hide_staff_members\":true,\"show_number_of_persons\":false,\"hide_service_duration\":true,\"hide_locations\":true,\"hide_quantity\":true,\"hide_date\":false,\"hide_week_days\":false,\"hide_time_range\":false},\"use_client_time_zone\":0,\"firstDay\":1,\"date_format\":\"dd\\\/mm\\\/yyyy\",\"defaults\":{\"service_id\":1,\"staff_id\":0,\"location_id\":0,\"category_id\":0},\"facebook\":{\"enabled\":0,\"appId\":\"\"}} );\n    });\n<\/script>\n<p>V p\u0159\u00edpad\u011b vytvo\u0159en\u00ed rezervace v krat\u0161\u00edm term\u00ednu ne\u017e 10 hodin p\u0159ed term\u00ednem rezervace, kontaktujte spr\u00e1vce &#8211; p.Krupi\u010dka 602 337 111<\/p>\n<p> Doplatek za osv\u011btlen\u00ed 150 K\u010d\/hod. splatn\u00fd na m\u00edst\u011b spr\u00e1vci. <!-\/wp:paragraph --><\/p>\n","protected":false},"excerpt":{"rendered":"<p>V p\u0159\u00edpad\u011b vytvo\u0159en\u00ed rezervace v krat\u0161\u00edm term\u00ednu ne\u017e 10 hodin p\u0159ed term\u00ednem rezervace, kontaktujte spr\u00e1vce &#8211; p.Krupi\u010dka 602 337 111 Doplatek za osv\u011btlen\u00ed 150 K\u010d\/hod. splatn\u00fd na m\u00edst\u011b spr\u00e1vci.<\/p>\n","protected":false},"author":1,"featured_media":0,"parent":0,"menu_order":0,"comment_status":"closed","ping_status":"open","template":"templates\/featured-page.php","meta":[],"_links":{"self":[{"href":"https:\/\/rezervace.sokolbilahora.cz\/index.php\/wp-json\/wp\/v2\/pages\/2"}],"collection":[{"href":"https:\/\/rezervace.sokolbilahora.cz\/index.php\/wp-json\/wp\/v2\/pages"}],"about":[{"href":"https:\/\/rezervace.sokolbilahora.cz\/index.php\/wp-json\/wp\/v2\/types\/page"}],"author":[{"embeddable":true,"href":"https:\/\/rezervace.sokolbilahora.cz\/index.php\/wp-json\/wp\/v2\/users\/1"}],"replies":[{"embeddable":true,"href":"https:\/\/rezervace.sokolbilahora.cz\/index.php\/wp-json\/wp\/v2\/comments?post=2"}],"version-history":[{"count":58,"href":"https:\/\/rezervace.sokolbilahora.cz\/index.php\/wp-json\/wp\/v2\/pages\/2\/revisions"}],"predecessor-version":[{"id":737,"href":"https:\/\/rezervace.sokolbilahora.cz\/index.php\/wp-json\/wp\/v2\/pages\/2\/revisions\/737"}],"wp:attachment":[{"href":"https:\/\/rezervace.sokolbilahora.cz\/index.php\/wp-json\/wp\/v2\/media?parent=2"}],"curies":[{"name":"wp","href":"https:\/\/api.w.org\/{rel}","templated":true}]}}